sands digit of 650915?
5
What is the hundred thousands digit of 1157616?
1
What is the tens digit of 47359?
5
What is the tens digit of 28545112?
1
What is the millions digit of 4875122?
4
What is the hundred thousands digit of 6622671?
6
What is the units digit of 61767?
7
What is the thousands digit of 14009?
4
What is the thousands digit of 963564?
3
What is the hundred thousands digit of 196997?
1
What is the units digit of 3827574?
4
What is the tens digit of 373572?
7
What is the hundreds digit of 7555319?
3
What is the hundreds digit of 1190045?
0
What is the thousands digit of 376234?
6
What is the ten thousands digit of 446651?
4
What is the hundred thousands digit of 30499663?
4
What is the thousands digit of 813781?
3
What is the hundred thousands digit of 1820554?
8
What is the hundred thousands digit of 18472691?
4
What is the tens digit of 186823?
2
What is the ten thousands digit of 160177?
6
What is the ten thousands digit of 13056979?
5
What is the thousands digit of 4689635?
9
What is the hundred thousands digit of 1132563?
1
What is the tens digit of 6572424?
2
What is the hundred thousands digit of 4436999?
4
What is the tens digit of 1194281?
8
What is the hundred thousands digit of 110918?
1
What is the thousands digit of 995544?
5
What is the ten thousands digit of 1562763?
6
What is the thousands digit of 319309?
9
What is the millions digit of 11067506?
1
What is the hundred thousands digit of 247641?
2
What is the tens digit of 39309826?
2
What is the millions digit of 1732059?
1
What is the hundreds digit of 23181090?
0
What is the ten thousands digit of 12347961?
4
What is the hundreds digit of 18707?
7
What is the hundreds digit of 74544?
5
What is the thousands digit of 914144?
4
What is the tens digit of 78451?
5
What is the ten thousands digit of 598207?
9
What is the ten millions digit of 37088651?
3
What is the hundred thousands digit of 332463?
3
What is the hundreds digit of 203988?
9
What is the units digit of 6197?
7
What is the hundred thousands digit of 1808200?
8
What is the hundred thousands digit of 2979787?
9
What is the millions digit of 11354859?
1
What is the tens digit of 2127230?
3
What is the thousands digit of 361966?
1
What is the ten thousands digit of 12591?
1
What is the ten thousands digit of 35973?
3
What is the units digit of 9519525?
5
What is the thousands digit of 5094454?
4
What is the units digit of 3443215?
5
What is the tens digit of 4962052?
5
What is the units digit of 75233?
3
What is the thousands digit of 15474745?
4
What is the thousands digit of 210526?
0
What is the hundreds digit of 6019041?
0
What is the hundreds digit of 1980310?
3
What is the hundred thousands digit of 7241825?
2
What is the units digit of 585012?
2
What is the hundreds digit of 74269?
2
What is the ten thousands digit of 18389531?
8
What is the thousands digit of 72781?
2
What is the hundreds digit of 25608?
6
What is the ten thousands digit of 279447?
7
What is the thousands digit of 803210?
3
What is the hundred thousands digit of 8974038?
9
What is the thousands digit of 550453?
0
What is the hundred thousands digit of 590830?
5
What is the hundreds digit of 45060?
0
What is the units digit of 5220297?
7
What is the units digit of 671703?
3
What is the ten thousands digit of 311440?
1
What is the hundred thousands digit of 2092238?
0
What is the hundred thousands digit of 678903?
6
What is the thousands digit of 25155012?
5
What is the hundreds digit of 558860?
8
What is the thousands digit of 1058062?
8
What is the thousands digit of 6590933?
0
What is the thousands digit of 358539?
8
What is the thousands digit of 940052?
0
What is the hundred thousands digit of 1287419?
2
What is the thousands digit of 1102333?
2
What is the ten thousands digit of 371119?
7
What is the hundreds digit of 1841604?
6
What is the millions digit of 29163742?
9
What is the hundred thousands digit of 198393?
1
What is the ten thousands digit of 14784243?
8
What is the hundreds digit of 4262711?
7
What is the hundreds digit of 2545569?
5
What is the ten millions digit of 33291395?
3
What is the thousands digit of 14191721?
1
What is the tens digit of 34821599?
9
What is the hundred thousands digit of 178004?
1
What is the thousands digit of 98892?
8
What is the tens digit of 23002592?
9
What is the ten thousands digit of 96760?
9
What is the hundred thousands digit of 220045?
2
What is the tens digit of 6302420?
2
What is the units digit of 13071084?
4
What is the ten thousands digit of 11555583?
5
What is the hundred thousands digit of 25470470?
4
What is the thousands digit of 3022269?
2
What is the hundred thousands digit of 3272395?
2
What is the thousands digit of 690796?
0
What is the tens digit of 2032368?
6
What is the hundreds digit of 390691?
6
What is the ten thousands digit of 2763730?
6
What is the thousands digit of 1505760?
5
What is the ten thousands digit of 82616?
8
What is the ten thousands digit of 72700?
7
What is the tens digit of 172194?
9
What is the tens digit of 11741350?
5
What is the ten thousands digit of 6785714?
8
What is the tens digit of 706809?
0
What is the hundreds digit of 543189?
1
What is the tens digit of 829358?
5
What is the tens digit of 177149?
4
What is the hundred thousands digit of 4123123?
1
What is the thousands digit of 4170550?
0
What is the tens digit of 361834?
3
What is the hundred thousands digit of 15348711?
3
What is the thousands digit of 3338728?
8
What is the tens digit of 92781?
8
What is the ten thousands digit of 187199?
8
What is the hundred thousands digit of 1195558?
1
What is the ten thousands digit of 168794?
6
What is the hundreds digit of 482357?
3
What is the millions digit of 1706215?
1
What is the tens digit of 11341528?
2
What is the hundreds digit of 323000?
0
What is the ten thousands digit of 201025?
0
What is the thousands digit of 362144?
2
What is the hundred thousands digit of 544366?
5
What is the hundred thousands digit of 379206?
3
What is the hundred thousands digit of 2985363?
9
What is the tens digit of 2808998?
9
What is the tens digit of 802871?
7
What is the thousands digit of 20500?
0
What is the tens digit of 1767742?
4
What is the hundreds digit of 278524?
5
What is the hundreds digit of 6006961?
9
What is the ten thousands digit of 32815?
3
What is the hundred thousands digit of 3494600?
4
What is the millions digit of 1087601?
1
What is the millions digit of 1071908?
1
What is the hundreds digit of 530980?
9
What is the tens digit of 2063549?
4
What is the hundreds digit of 1863352?
3
What is the units digit of 1655801?
1
What is the units digit of 79420?
0
What is the thousands digit of 3831293?
1
What is the units digit of 11305387?
7
What is the units digit of 4703937?
7
What is the thousands digit of 1482414?
2
What is the hundreds digit of 1137931?
9
What is the hundreds digit of 5114507?
5
What is the tens digit of 1044713?
1
What is the thousands digit of 206231?
6
What is the tens digit of 623420?
2
What is the hundreds digit of 596105?
1
What is the hundreds digit of 251393?
3
What is the units digit of 4612769?
9
What is the hundred thousands digit of 395605?
3
What is the millions digit of 1157555?
1
What is the ten thousands digit of 951669?
5
What is the tens digit of 7218256?
5
What is the hundreds digit of 192220?
2
What is the thousands digit of 2379412?
9
What is the units digit of 367606?
6
What is the hundred thousands digit of 392652?
3
What is the thousands digit of 150599?
0
What is the hundred thousands digit of 6275692?
2
What is the tens digit of 23619209?
0
What is the hundred thousands digit of 1145688?
1
What is the hundreds digit of 20260784?
7
What is the thousands digit of 11151524?
1
What is the hundreds digit of 141364?
3
What is the millions digit of 6725532?
6
What is the thousands digit of 1143640?
3
What is the ten thousands digit of 5003388?
0
What is the ten thousands digit of 4606314?
0
What is the hundreds digit of 603419?
4
What is the hundreds digit of 4004896?
8
What is the ten thousands digit of 98713?
9
What is the tens digit of 549328?
2
What is the units digit of 484289?
9
What is the tens digit of 466338?
3
What is the hundreds digit of 27534282?
2
What is the hundred thou